7). Calculate the highest common divisor of r and b.
12
Suppose 4*n = -3*s + n + 51, 5*s - n = 73. Calculate the highest common divisor of s and 60.
15
Suppose -4*j = -5*j - 3. Let i(y) = -11*y - 5. Let w be i(j). What is the highest common factor of w and 4?
4
Let w = -9 - -21. Let j be 1/(-1)*(0 + -4). Calculate the greatest common divisor of j and w.
4
Let y be 1/7*898 + 22/(-77). What is the greatest common factor of 16 and y?
16
Let q(c) = -5*c**2 + c**3 - 2*c - 6 + 0*c - c. Suppose 5 = 5*n - 25. Let w be q(n). What is the highest common factor of w and 36?
12
Let i be 2/(2*2/12). What is the highest common factor of i and 12?
6
Let w = -43 + 47. Calculate the greatest common divisor of 6 and w.
2
Suppose -54 = -20*g + 19*g. Suppose 0*m - m - 38 = 2*z, 0 = 5*z. Let t = -20 - m. Calculate the greatest common factor of t and g.
18
Let d be 16/((-39)/(-45) - 1). Let w = 309 + d. Calculate the greatest common factor of 21 and w.
21
Suppose 2*z + 12 = 3*z. Calculate the greatest common divisor of z and 108.
12
Let b(w) = w**3 - 8*w**2 + 2. Let u be b(8). Let k be 7/(-2*u/(-4)). Let i = k + -4. Calculate the highest common divisor of 21 and i.
3
Suppose -5*s = -2*m + 6*m - 22, -4*m = 2*s - 4. Let i(b) = -5*b**3 + 3*b**3 - b**3 + 4*b - b**2. Let w be i(-3). What is the highest common factor of s and w?
6
Let s(u) = u**3 - 3*u**2 + 2. Let p be s(3). Suppose -a + p = -3. Suppose 5*l - 95 = -2*q, -q + 50 = 5*l - 0*l. Calculate the highest common factor of a and q.
5
Let m = 2 - -13. Suppose 0 = 2*i + 2*a + a + 4, -4*i + 5*a = -36. Suppose i*k - 9*k = -75. What is the greatest common factor of m and k?
15
Suppose -5*f - 9*q + 23 = -11*q, 8 = 4*f + q. Suppose -3 = -o - 0*o. Calculate the highest common factor of f and o.
3
Let x(d) = 2*d + 5. Let g be x(7). Calculate the highest common divisor of 209 and g.
19
Let v(u) = -u**3 - u**2 + 2*u + 2. Let y be v(-6). Suppose -5*a - y = -10*a. What is the highest common divisor of 51 and a?
17
Let s = 25 - 55. Let h = s - -51. Let b = -7 + h. What is the greatest common factor of b and 14?
14
Let p be (-2 - -1)*-5 - 1. Suppose -2*o - 14 = -p*g, 6*o - 9 = 3*o. Calculate the greatest common factor of 50 and g.
5
Let d = 1 + 21. Calculate the greatest common divisor of 66 and d.
22
Let a be 10 + (2 - 1 - -1). Let k = 232 + -136. Calculate the highest common factor of a and k.
12
Suppose 0*c = 2*c + 16. Let k be -2*36/c - -1. What is the greatest common factor of k and 15?
5
Suppose -4*t - 4*g = -72, 6*t - 4*g = 3*t + 19. Calculate the greatest common factor of t and 39.
13
Let s(n) = 2*n**2 - 4*n - 6. Let j be s(-7). Let a(l) = 23*l**2 - l. Let u be a(-1). Calculate the highest common factor of u and j.
24
Let b(n) = n**2 + 3*n. Let g be b(3). Suppose 8 - g = -5*t. Calculate the highest common divisor of 3 and t.
1
Suppose 4*y - 124 - 20 = -2*n, 116 = 2*n - 3*y. What is the highest common factor of n and 16?
16
Suppose 4*y - 6 = 2*y. Let u = 31 + 2. What is the highest common factor of y and u?
3
Let j = 37 - 9. Calculate the highest common factor of 42 and j.
14
Let i(s) = 2*s - 12. Let x be i(10). Let z = x - 0. What is the highest common factor of 8 and z?
8
Suppose 5*a + 292 = 327. Let n be -2 - (-1 + -6 + 2). Suppose -3*k = -v + 4*v - 222, n*v - 243 = 4*k. Calculate the greatest common divisor of a and v.
7
Let n = 144 - 119. Calculate the greatest common factor of 225 and n.
25
Let z be ((-96)/(-10))/(18/60). Calculate the greatest common factor of z and 16.
16
Suppose 0 + 2 = c. Suppose 0 = g - c. Suppose -4*h - 23 = -g*m + 3, -3*m + 19 = -2*h. Calculate the greatest common factor of m and 6.
3
Let o be 49*2 + 3/(-3). Let g = -35 + o. Suppose -v - 26 = -g. Calculate the highest common divisor of v and 9.
9
Suppose 103 = 4*q - 53. What is the highest common factor of q and 13?
13
Suppose 2*h - a + 4*a + 1 = 0, -5 = -2*h + 3*a. Let w = -1 + h. Suppose -2*x - 28 = -2*q - w*q, -2*q + 22 = -5*x. What is the highest common factor of q and 4?
4
Let c be 6/18 - (-3 + 94/(-6)). Calculate the greatest common factor of 76 and c.
19
Suppose -2*m + 11 = 1. Let u(y) = y**2 + 10*y + 14. Let n be u(-11). Calculate the greatest common divisor of m and n.
5
Let u = -12 - -8. Let s = u - -7. Suppose v - 2*r = 2 + 3, 0 = -v + s*r + 6. What is the greatest common factor of 12 and v?
3
Let u = -181 - -253. Suppose 4*r + 147 - 49 = 5*l, 4*r = 4*l - 80. Calculate the greatest common factor of u and l.
18
Let b(f) = f**3 + 13*f**2 + 6*f - 3. Let z be b(-12). Calculate the greatest common factor of z and 46.
23
Suppose 0 = -4*x - 0*m - 4*m + 44, 3*m = 5*x - 79. Let d = 49 - 21. Calculate the highest common factor of x and d.
14
Let w(b) = -b**2 - 5*b + 2. Suppose -4*u = u + 35. Let l = 3 + u. Let m be w(l). Calculate the greatest common divisor of m and 54.
6
Suppose 36 = f - 3*r, -4*f = -f - 4*r - 103. Suppose -4*p + 3*c = 60, 3*c = 2*c + 4. Let n be (p/10)/(4/(-10)). Calculate the highest common factor of f and n.
3
Let h(s) = s**3 + 5*s**2 - 7. Let t be h(-3). Calculate the highest common factor of t and 121.
11
Let a = 12 + -7. Let v be -12*(a/2)/(-5). Suppose -5*o + 68 = q + 19, -5*o + 73 = 2*q. What is the greatest common divisor of v and q?
6
Let t(o) = -26*o. Suppose a - 5 = -5*s - a, -a = -s + 1. Let v be t(s). Let m = -16 - v. What is the greatest common factor of m and 90?
10
Let f(d) = d**3 + 6*d**2 - d - 3. Let s be f(-6). Suppose 165 = -c + 6*c. Calculate the greatest common divisor of s and c.
3
Suppose -3*b + 3*j - 17 = 349, 0 = -4*j - 12. Let i = 69 + b. Let y = i + 98. What is the highest common factor of 6 and y?
6
Let x be (18/(-30))/((-1)/5). Suppose 120 = 4*n + n + 4*q, 0 = -x*n + 3*q + 45. Let b be ((-4)/3)/((-2)/45). Calculate the highest common divisor of b and n.
10
Suppose -25 = -5*h + a, -26 = -4*h - 2*a + 4*a. Let u be (-6)/20 - 203/(-10). Calculate the highest common factor of u and h.
4
Let p(b) = b**2 + b + 1. Let h be p(0). What is the greatest common divisor of 11 and h?
1
Suppose -2*w + w = 0. Suppose 5*t - 40 = -w*t. What is the greatest common factor of t and 72?
8
Suppose 16 = 6*h - 2*h. Suppose z = 3*i - 27, -3*z - 2*z + 55 = h*i. Calculate the greatest common divisor of 2 and i.
2
Suppose 3 = 3*w - 18. Suppose 21 = r - 2*t, -r - 2*t + w*t = -36. What is the highest common divisor of 33 and r?
11
Suppose -3*q + 5*q - 2 = 0. Let f(p) = 10*p**3 + p. Let z be f(q). Calculate the greatest common factor of z and 1.
1
Let o(l) = -7 + l + 2 + 1. Let v be o(5). Let y be (-1 + -2)*(v - 2). What is the highest common divisor of y and 6?
3
Suppose -i + 80 = -46. Let n be 36/(-3)*(-3)/2. What is the highest common factor of i and n?
18
Let r be (-4 + 3)/((-8)/(-10))*-8. Calculate the greatest common divisor of 65 and r.
5
Let t(u) = -5*u**3 - 18*u**2 - 7*u + 3. Let y be t(-4). Calculate the highest common divisor of 9 and y.
9
Let z be 3/(-3)*-1*2. Let s be z/9 - (-106)/9. What is the highest common factor of s and 96?
12
Let v(u) = -u**3 - 9*u**2 + 12*u + 4. Let f be v(-10). Let g be (-4 - -2)*1*f. What is the highest common factor of 128 and g?
32
Let o = 386 - 176. What is the highest common divisor of o and 30?
30
Suppose 18*l - 119 = 11*l. Calculate the greatest common factor of 85 and l.
17
Let m(x) = 7 - 3*x - x**3 + 0*x**2 + 0*x + 8*x**2 + 2. Let l be m(6). Calculate the highest common divisor of l and 9.
9
Let t(o) = -o**2 + 8*o - 5. Suppose -7*b + 28 = -3*b. Let q be t(b). Suppose x = 10 - q. What is the highest common factor of x and 2?
2
Let w be (-566)/(-10) + 30/75. Calculate the greatest common divisor of 19 and w.
19
Let w be (28/21)/(2/(-12)). Let x = w + 15. Suppose 3*g + 5 = 8*g. Calculate the highest common divisor of x and g.
1
Suppose 2*t = -u - 120, 0 = 2*t + u + 3*u + 126. Let w = t + 82. Calculate the greatest common divisor of w and 230.
23
Suppose l + 4*p - 24 = 0, -40 - 23 = -5*l - p. Suppose 4*t + l = 0, -5*a + 15 = -0*a + 5*t. Calculate the greatest common factor of 24 and a.
6
Suppose -66 = -5*p - 21. Let x(w) = w**2 - 3*w + 1. Let t be x(p). What is the greatest common divisor of t and 22?
11
Let m = -5 + 10. Suppose 5*p = 6*p + 2*j - 26, -5*j = -m*p + 70. Suppose -7*g - 27 = -10*g. Calculate the highest common divisor of g and p.
9
Let i(w) = -3 + w**3 + 4 - 7*w - 1